l) = l**3 - 7*l**2 + 4*l + 6. Suppose -4*q + 10 = 2. Let x be 1*-1 + 5 + q. Let b be f(x). Calculate s(b).
3
Let x(s) = 3*s**2 + 12*s + 12. Let b(q) = 13*q**2 + 50*q + 50. Let w(g) = -2*b(g) + 9*x(g). Give w(-6).
-4
Let n(y) = y + 10. Let a = 203 - 94. Suppose g = 2*c - 52, 2*g - a + 5 = -4*c. Let m be 2/9 + c/(-117). Determine n(m).
10
Let k(q) = q**2 + 7*q + 7. Let a(t) = -t**2 - t - 2. Let j(c) = 3*a(c) + k(c). Give j(-3).
-29
Suppose 0 = 4*c - 2*c. Let h(b) be the first derivative of -1/3*b**3 - 4*b + 68 - 1/2*b**2. Calculate h(c).
-4
Suppose 4*q - g = -4, 0 = q + 4*q - 5*g + 20. Suppose q*z = -4*z - 8. Let n be (-287)/49 + z/14. Let f(p) = -p - 5. Give f(n).
1
Let h(x) = -51*x - 51*x + 104*x + 12. Let y = -18 - -10. Calculate h(y).
-4
Let j(n) = n**3 + 2*n**2 - 326 + n + 664 - 334. Let d be (-2)/7 + 38/(-14). Give j(d).
-8
Let i(z) = 5*z**3 + 2*z**2 + 9*z - 9. Let q(v) = -10*v + v - 3*v**2 + 0*v**2 + 8 + 26*v**3 - 30*v**3. Let x(m) = 5*i(m) + 6*q(m). Give x(9).
3
Let c = -2405 + 2403. Let q(d) be the second derivative of 1/2*d**2 - d + 1/2*d**3 + 1/4*d**4 + 0. What is q(c)?
7
Let l(n) be the third derivative of -n**7/2520 - n**6/360 - n**5/30 - 2*n**4/3 + 8*n**2. Let b(y) be the second derivative of l(y). Calculate b(-3).
-7
Suppose f + 15*f - 48 = 0. Let r(a) = -a - 4 - 10*a - 7. Let y(v) = -4*v - 4. Let i(j) = 3*r(j) - 8*y(j). Calculate i(f).
-4
Let a(g) = -g**2 + 3*g + 2. Let s be -2 + (-2*1 - 7). Let u(x) = 2*x**3 - 22*x**2 - 3*x + 27. Let z be u(11). Let f = z - s. What is a(f)?
-8
Let d(q) = -30*q + 115. Let x be d(4). Let j(y) = -1 - 9*y + 5*y + 3*y + 0. Calculate j(x).
4
Let w(v) be the first derivative of -5*v**2/2 - 14*v + 5. Let j be w(-7). Let h be 138/j + 24/(-42). Let f(s) = -s + 11. Determine f(h).
5
Let m(o) be the second derivative of -1/2*o**3 + 1/12*o**4 + 1/20*o**5 + 0 + 24*o - o**2. Give m(-3).
-11
Let x(v) = -3*v - 4*v + 6*v. Suppose -4*z + 38 = -5*d, 3*d + 24 = 3*z - 0*z. What is x(d)?
6
Let n(v) be the second derivative of -v**4/12 + v**2 + v. Let q be n(0). Let m(h) = -2*h + 5*h**q - 1 - 7*h**2 - h**3 - 2. Give m(-2).
1
Suppose 2*k + 3*z = -k - 24, k + 3*z + 6 = 0. Let b(w) = 121 - 133 - 4*w + 2*w. Determine b(k).
6
Let a(s) = -s**2 - 11*s. Let i be a(-5). Let v be 11 - ((-3)/(-2) - (-15)/i). Let r(n) = n + 3. Calculate r(v).
12
Let s(i) = -i**2 - 5*i + 8. Let f be s(-6). Let r(z) = 4*z - 3. Let v be r(2). Let y(u) = -u**f + v*u**3 - 6*u**3 - 1 - 5 + 2. What is y(0)?
-4
Let f be (0/2)/2 + (-57)/(-19). Let q(u) = -u - 1. Give q(f).
-4
Let z(l) be the first derivative of l**6/360 - l**5/60 - 5*l**4/24 - 34*l**3/3 - 9. Let j(u) be the third derivative of z(u). Calculate j(5).
10
Suppose 3*n + 8 - 20 = 0. Let r(u) = -u - 3. Let b be r(-5). Let h(c) = c - b + 5 - 4 - 1. Give h(n).
2
Let t(y) = -y**2 + y + 4. Let p(n) = -1. Let z(f) = 6*p(f) + t(f). Suppose 9 = 4*s - s, 4*s = -5*a + 397. Let d = a + -77. What is z(d)?
-2
Let i(l) be the second derivative of l**5/20 + l**4/4 - l**3/6 - l. Let g = 33 - 26. Suppose g*z = -18 - 3. What is i(z)?
3
Let q(w) = -w**2 + 5*w - 1. Let a be q(4). Let t(s) = a*s - 1 + s**2 + 0*s - 2*s - 3*s. Determine t(3).
2
Let v = -2 + 5. Suppose 0 = -6*n + n + k + 20, 0 = 2*n - 2*k - 16. Let p(y) = y - 5*y + v*y + n. Determine p(6).
-3
Let w(x) = -2*x + 9. Let s(k) = 3*k - 10. Let l(o) = -3*s(o) - 4*w(o). Give l(-6).
0
Let p(f) = f**3 - f**2 - 2*f + 1. Let d(c) = -4*c + 20. Let s be d(6). Let w be -1 + (-7 - s) + 6. Give p(w).
1
Let k(m) = -2*m + 4. Let x(v) = v - 5. Let r(f) = 4*k(f) + 3*x(f). Suppose 36 = 4*q - 56. Suppose -q = -4*g + 5*c, -4*c = 4*g - c + 1. What is r(g)?
-9
Let d be 6*(-3 - (-64)/24). Let f(n) = -n - 3. Calculate f(d).
-1
Let i(y) = -2*y**2 + 10*y + 39 + 3*y**2 + 23*y - y. What is i(-31)?
8
Let n(k) be the first derivative of k**3/3 + 3*k**2/2 + 14. Determine n(-6).
18
Let n(l) = -l**2 + 5*l + 2. Let w be n(5). Let f(t) = 3*t**w + 13*t - 2*t**2 - 2*t + 8 - 1. Determine f(-6).
-23
Let b(l) = 0 - 4*l + 11 - 7 - 6. Suppose 3*k - 2*o = -3*o - 1, k - 5*o + 27 = 0. What is b(k)?
6
Let t(p) = -p**3 - 6*p**2 + 5*p - 4. Suppose 19*k - 90 = 34*k. Calculate t(k).
-34
Suppose -t - 16 = 5*d, 0 = 3*d - t + 5*t + 13. Let f(p) = -2*p**3 - 4*p**2 - 4*p - 3. Determine f(d).
27
Let q(f) = 7*f - 7. Let g(b) = -6*b + 6. Let t(a) = -6*g(a) - 5*q(a). Give t(-1).
-2
Let i(u) = u + 4. Let r = -78 + 22. Let v be 240/r + 4/14. Calculate i(v).
0
Let j(n) = -2*n + 17. Let i be j(5). Let r(d) = -2 - 5*d + 0 + 4*d - i. Give r(-8).
-1
Suppose -342 + 70 = -17*p. Let h(y) = y**2 - 16*y + 2. Determine h(p).
2
Let h(s) be the third derivative of -s**7/2520 - s**6/80 - s**5/20 - s**4/4 - 6*s**2. Let o(m) be the second derivative of h(m). Determine o(-7).
8
Let t(l) be the first derivative of -l**2/2 - 12*l - 6. Let d be t(-6). Let o = d + -1. Let c(n) = n**2 + 8*n + 3. What is c(o)?
-4
Let c(s) = -41*s - 5. Let a be c(0). Let b(d) = -3*d + 3. Give b(a).
18
Let p be 35/(-1) - (-4 - -1). Let k = p + 31. Let i(g) = -7*g - 3. Let m(q) = 11*q + 4. Let s(z) = 7*i(z) + 5*m(z). Determine s(k).
-7
Let a be 4/8*(2 + 2). Let k(l) = -3*l**2 - 4 - 4*l**a + 3*l**2 - l + 5*l**2. Calculate k(4).
8
Suppose 3*a - 4*a + 2*b = -16, -4*b = -16. Let m = -30 + a. Let u(v) = -v**2 - 8*v - 3. Determine u(m).
9
Let m(c) = -c**3 + 3*c**2 - c + 2. Let b = -130 - -135. Suppose -4*y + b*y = 2. What is m(y)?
4
Let n(y) = -11*y + 37. Let k(o) = -5*o + 18. Let f(c) = -c**2 - 7*c + 9. Let j be f(-7). Let v(m) = j*k(m) - 4*n(m). What is v(6)?
8
Suppose -3*o - z + 2*z - 10 = 0, -4*z - 11 = 5*o. Let y(k) = 4 + 19*k + 19*k - 59*k + 24*k. Calculate y(o).
-5
Let l(t) = 3*t**3 - t**2 + 1. Let h(g) = 5*g + g**2 - 5*g + 5 + 5*g. Let c be h(-3). Determine l(c).
-3
Suppose 3*y + 1 = -2*r, -y + 6*y + 8 = 3*r. Let g(s) = r - s - 1 + 5. Let j be g(11). Let i(h) = -3*h - 7. Determine i(j).
11
Let t be -1 + 4/3 + 8/3. Let h(z) = t - 2 + 11 - 10 - z. Give h(-9).
11
Let t be 40/6 - (-4)/(-6). Let w(q) = -29571*q + 0*q**3 + 2*q**2 + 29570*q - 8*q**2 + 0*q**2 + q**3. What is w(t)?
-6
Let y = 1 - -4. Let h(v) = v**3 + 11*v - 1. Let l(g) = -2 + g**2 - 4 + 2*g**3 + 5 + 23*g. Let j(a) = 13*h(a) - 6*l(a). Calculate j(y).
-7
Suppose -3*c - 21 = -6. Let v = c + 15. Suppose v = r + 4*r. Let x(l) = l**3 - l**2 - 2. Determine x(r).
2
Let m(a) = -a**3 + 5*a**2 + 7*a - 5. Let n be (-19)/76 + (-50)/(-8). What is m(n)?
1
Suppose 0 = -13*h + 17*h. Suppose 0 = -6*k - 6 - h. Let u(y) = 9*y + 1. What is u(k)?
-8
Suppose -4*t + 2*w = 10, 2*w = -4*t + 6*w - 20. Let b(u) = 0*u - 2*u + t - 6*u**2 - 1 + 0*u. Calculate b(-1).
-5
Let z(x) = x**2 + 102*x + 1923. Let p be z(-25). Let j(i) be the third derivative of -i**5/60 - i**4/12 + i**3/3 - 2*i**2. Calculate j(p).
2
Let t be (-8)/(-2) + 1/(-1). Let s(f) = 4*f + t*f**2 - 4*f - 2*f**2 + 2*f - 4. Let y = -39 - -36. What is s(y)?
-1
Let a(f) = 2*f**2 + f - 7. Let w be 1/(-7) + (-325)/175 + -1. What is a(w)?
8
Let t(q) = 10*q + 47. Let i(s) = -8*s - 42. Let b(l) = -4*i(l) - 3*t(l). Calculate b(-20).
-13
Let o be ((-2)/(-4))/((-1)/(-10)). Let m(v) = -8*v**2 + v**3 + 5*v - 5*v - 8*v**2 + 10*v**2 + 7*v - 4. Determine m(o).
6
Let h(l) = l**2 + 19*l - 121. Let b be h(-24). Let y(x) = -8*x - 4*x + 13*x. Give y(b).
-1
Let a be 1/(0 + (-1)/2). Let c(p) be the first derivative of p**5/60 + 5*p**4/24 + p**3/2 + 3*p**2/2 + 4. Let o(r) be the second derivative of c(r). Give o(a).
-3
Let b(y) = 4*y + 8. Let d = 1112 + -1112. What is b(d)?
8
Let b(u) = -u**3 + u**2 + 3*u + 2. Let q be b(-1). Let r be 1 - 7/((-21)/6). Let y(i) = r*i + 0 + 3 + 2 - 4. Determine y(q).
4
Let t(i) = 23*i + 11. Let s(z) = -4*z - 2. Let g(b) = -34*s(b) - 6*t(b). Suppose -9 = -2*q - 5. Calculate g(q).
-2
Let b(d) = -5*d + 10. Let x(i) = 2*i - i**2 - 8 + i + 3 + 4*i. Let m be x(3). Give b(m).
-25
Let f(g) = 2*g + 6. Let y(a) = 4*a + 11. Let j = -8 - -2. Let s(o) = j*y(o) + 11*f(o). Give s(-1).
2
Suppose -89 = -10*x + 51. Let o(a) = 3*a - 20. Determine o(x).
22
Let d(b) = 22*b**3 - 6*b**2 + 7*b + 7. Let t = -46 - -53. Let c(y) = 22*y**3 - 7*y**2 + 8*y + 8. Let m(l) = t*d(l) - 6*c(l). Give m(-1).
-22
Let a be 1/1*(12 - 9). Suppose 0 = -5*o - a - 12. Let q(n) = -3*n + 2. Give q(o).
11
Let x(w) be the first derivative of -w + 9/4*w**4 + w**2 + 26 - 2/3*w**3. Calculate x(1).
8
Let 